c = x. Calculate the greatest common divisor of k and 11.
11
Let r(y) = 2*y**2 + 19*y + 12. Let w be r(-14). Suppose 7*c - 5*h = 4*c + 121, -4*c = -2*h - w. What is the greatest common factor of c and 8?
8
Let d(p) = -p**3 + 25*p**2 + 151*p - 28. Let o be d(30). Calculate the highest common factor of o and 21.
1
Let q(x) = -x + 48. Suppose -4*u = -0*u. Suppose u*l = l. Let h be q(l). Calculate the greatest common divisor of 72 and h.
24
Let z(f) = 2*f**3 - 21*f**2 + 15*f - 55. Let o be z(11). What is the greatest common factor of o and 63?
21
Let z be 64/10 - 16/40. Suppose 2*v - 64 = -4*r, 2*r = 4*r + z. What is the greatest common divisor of 19 and v?
19
Let j(l) = 9*l + 26. Let p be j(-3). Let r be -1 - 1/p*265. Calculate the greatest common factor of 24 and r.
24
Let i(g) = 3*g**2 + 9*g - 6. Let t be i(2). What is the greatest common factor of 540 and t?
12
Suppose -5*r - 18 = -0*b - 3*b, -3*r = -9. What is the greatest common divisor of 253 and b?
11
Let f = 77 + -75. Let l be 4940/(-38)*1/((-5)/f). What is the greatest common factor of 13 and l?
13
Suppose 0 = -3*d + 5 + 31. Let o = d + 10. Calculate the greatest common factor of 66 and o.
22
Suppose 0 = -13*p + 474 + 189. Calculate the greatest common divisor of 663 and p.
51
Let m be 33*1*12/9. Suppose -4*q + 20 = q. Suppose q*n = 1 + 15. Calculate the greatest common factor of m and n.
4
Suppose k - 4*h = -h + 28, -2*h - 63 = -3*k. Let j = k - -7. Suppose -6 = 2*x - j. Calculate the highest common factor of 15 and x.
5
Suppose -f - 4*f = -5*m + 1980, -4*m + 3*f = -1588. Calculate the greatest common factor of 10 and m.
10
Let g be (1 + 10)/(3/12). Let b(s) = s**2 - 16. Let c be b(4). Suppose 0 = -2*p - 2*x + 22, -p + c + 11 = -x. What is the greatest common factor of p and g?
11
Let f = 12 - 8. Suppose f*v = -0*s + 3*s + 790, 4*v - 776 = -4*s. Calculate the highest common divisor of v and 28.
28
Suppose -5*n - z - 34 = -701, -3*z - 659 = -5*n. Let s = 5 + 14. What is the highest common factor of s and n?
19
Let j = -4 + 18. Let w = 54 - j. Calculate the highest common factor of 8 and w.
8
Let w be (-3246)/(-27) - 24/108. What is the highest common factor of w and 80?
40
Let y(t) = 89*t**2 - 2*t - 3. Let f be y(1). What is the highest common divisor of 231 and f?
21
Let d be 38/76 - (-17)/2. What is the greatest common factor of d and 171?
9
Let y be 8 + 0/(1 - -6). Let g be (120/(-25))/((-9)/60). Calculate the greatest common factor of g and y.
8
Suppose 2*g = 2*b - 2*g + 24, -3*g + 13 = b. Let o be (b - -7)/((-3)/(-6)). Calculate the highest common factor of 60 and o.
10
Let y(f) = -f**3 + 3*f**2 - 43*f + 8. Let s be y(-14). What is the highest common divisor of 54 and s?
54
Suppose 0*t = -2*t + 78. Calculate the highest common factor of t and 3.
3
Let o(q) = 3*q**2 - 7*q + 8. Let t be o(4). Calculate the greatest common divisor of t and 182.
14
Let p be ((-6)/4)/(2/(-16)). Let n = 205 + -202. Calculate the highest common divisor of n and p.
3
Suppose y - 2 = -3*y - 2*c, 0 = 5*y + 2*c - 5. Let h(x) = 10*x**2 + 5. Let i be h(y). Let o be i/10 + 2/(-4). Calculate the highest common divisor of o and 99.
9
Let q = -255 - -501. Calculate the highest common factor of 410 and q.
82
Suppose 6*k - 5 = k. Let r be 37 + 1 - (1 + k). Suppose 5*n - 182 = -3*l, 2*l + n = -l + 166. What is the greatest common factor of l and r?
18
Let a be (3/(-7) + (-5512)/(-546))*3. Calculate the greatest common divisor of 2233 and a.
29
Suppose -k + 5*v + 85 = 0, 3*k + 0*v + 2*v - 221 = 0. Let j(d) = d**3 - 48*d**2 + 580*d - 36. Let h be j(24). Calculate the greatest common factor of h and k.
15
Let k(i) = -i + 265. Let q be k(0). Let j = q + -150. Calculate the greatest common factor of j and 23.
23
Let r(q) = -2*q + 85. Let n be r(8). Suppose -880 = 67*m - n*m. Calculate the highest common factor of m and 40.
40
Let q be (735/49)/(3/4). Let h = 157 + -67. Calculate the greatest common factor of q and h.
10
Let y(i) = -i + 15. Let h be y(14). Suppose h = 3*r - 5. Suppose -t + 7*p - r*p = -145, -395 = -3*t - 5*p. What is the highest common factor of 15 and t?
15
Let h = 39 + -9. Suppose h = -3*a + 8*a. What is the highest common divisor of a and 12?
6
Let g be -1 + 0 - (-4)/(32/24). Calculate the greatest common divisor of 2 and g.
2
Let u(w) = w**2 - 7*w - 15. Let d be u(9). Let i be -1 + (-14 - (d - 1)). Let v = i + 71. What is the greatest common factor of 6 and v?
6
Let w = 108 - 18. Suppose 2*c - 3*t + 1991 = 2032, -2*t + 16 = 3*c. What is the greatest common factor of w and c?
10
Suppose 0 = -20*j - 480 + 2580. Calculate the greatest common factor of j and 45.
15
Let w(m) = -m**2 + 9*m + 18. Let f be w(9). What is the highest common factor of f and 342?
18
Let p(b) = -4*b**2 + b + 7. Let q(g) = -2*g. Let r(t) = -p(t) - 2*q(t). Let a be r(3). What is the highest common divisor of a and 2?
2
Let m = 135 + -90. What is the greatest common factor of m and 75?
15
Let t(y) = y**2 - 8*y - 22. Let f be t(14). What is the greatest common divisor of f and 2?
2
Let m = -6173 - -6176. Let d = 2 + -10. Let c = -5 - d. What is the highest common divisor of m and c?
3
Suppose 3*q + v - 5 = 78, -3*q + 3*v = -63. Let c = q - 16. Suppose -3*z - 2*o + 208 + 66 = 0, 2*z + 4*o = 188. Calculate the greatest common factor of z and c.
10
Let x(f) = f**3 + 2*f**2 - 6*f - 4. Let l be x(-3). Suppose l*s + 17 = 22. Calculate the greatest common divisor of s and 9.
1
Suppose z + 2*z = z. Suppose 5*o = -2*d + 41, -8 = -z*o + o - 5*d. What is the highest common divisor of o and 28?
7
Let l = -29 + 51. Suppose 0 = -4*a + 3*g - 17, -3*g + 1 + 0 = 4*a. Let y = 4 + a. What is the greatest common factor of y and l?
2
Suppose -5*j + 10 = -5. Suppose 882 = 10*i - j*i. What is the highest common factor of 18 and i?
18
Let w = -74 + 97. Suppose -24*l = -w*l - 221. Calculate the greatest common factor of l and 17.
17
Let p(w) = w**3 + 17*w**2 - 2*w - 10. Let o be p(-17). Suppose 2*y - 2*u = 3*u + 16, -3*y - 2*u = -o. What is the highest common divisor of 16 and y?
8
Let d be (-1)/(-6) + (-123)/(-18). Suppose 3*i - 32 = d. What is the highest common divisor of 117 and i?
13
Let r be (-2)/(-2)*(579 + -11). Calculate the highest common factor of 8 and r.
8
Suppose 5*a + 47 = 5*h + 187, -5*a + 124 = -h. Let z be 1/(4/(-1344)*-2). Calculate the greatest common divisor of z and a.
24
Let c(r) = 594*r + 26. Let m be c(1). What is the greatest common divisor of m and 40?
20
Let x = -32 - -38. Suppose 2*p = -2, c + x = 2*p - 0. Let y = 23 + c. Calculate the greatest common factor of y and 6.
3
Suppose 3*b - s - 550 = -201, -5*b - 5*s + 615 = 0. Calculate the greatest common divisor of 1357 and b.
59
Suppose -5*y + 42 = -2*y. Let f = y - 6. Let r be 1/(-4) - (-130)/8. What is the highest common divisor of f and r?
8
Suppose 78 = -5*s + 103. Let d be 138/s - (12/15)/(-2). Suppose -4*g + 234 - 66 = 0. Calculate the highest common divisor of g and d.
14
Let y be (-10)/10 + -4*(0 - -1). Let p = y - -27. Calculate the highest common divisor of p and 22.
22
Suppose 24*c - 20543 - 1345 = 0. What is the highest common factor of 57 and c?
57
Suppose 0 = -2*t - 10, 5*z = 4*t - 2*t + 90. Calculate the highest common factor of 18 and z.
2
Let l = -114 + 126. Suppose -3*z - 2*k + 61 = l, -3*k = -15. Calculate the greatest common factor of 104 and z.
13
Suppose 3*y - 324 = 2*b, 7*y = 6*y - 3*b + 108. Calculate the greatest common divisor of y and 729.
27
Let b = -22 - -102. What is the greatest common factor of b and 90?
10
Let y = -376 - -571. Let p be 6 + -6 - 3*-5. What is the highest common factor of p and y?
15
Let q(g) = -g + 26. Let z be q(24). What is the greatest common factor of z and 106?
2
Suppose -5*l - 10 = 5*n, 2*n - 5*l + 13 - 16 = 0. Let u be (-5 - n) + 4 + 150. Calculate the highest common divisor of 60 and u.
30
Suppose 0 = -r - 3, 0 = -5*y - 24*r + 28*r + 27. What is the greatest common factor of y and 81?
3
Suppose 306 = -3*f + 6*f - 3*c, 4*f + c = 423. Calculate the highest common divisor of f and 60.
15
Let p(w) = w**2 - 12*w + 14. Let i be p(-10). What is the highest common factor of i and 18?
18
Suppose -4*t = -11*t + 378. Suppose t = 5*v - 3*v. Calculate the highest common divisor of v and 9.
9
Let d = -51 - -42. Let n be (-151)/d - ((-136